 w(a) = 69*a**2 - 13*a - 489. Is w(-29) a composite number?
False
Suppose 469 - 6564 = -5*r. Is r composite?
True
Suppose t - 157359 = -3392. Suppose 124*y - t = 113*y. Is y a composite number?
False
Is ((-1574426)/140)/(1/(-10)) prime?
True
Suppose 95*t - 24*t - 1236273 = 2721906. Is t a composite number?
True
Let s(y) = -1553*y + 164. Is s(-25) a composite number?
True
Let q = 607 + -922. Let p = q - -963. Suppose 5*h - p = 137. Is h composite?
False
Let y be ((-4)/((-16)/(-3)))/(387/1032). Let x(v) be the third derivative of -113*v**4/6 + v**3/2 - 2*v**2. Is x(y) a prime number?
True
Suppose 2*s = 68 + 142. Let i = s + -124. Is (-2*i/(-2))/((-1)/1) prime?
True
Let m(i) = 8*i**2 + 111*i + 113. Is m(50) a prime number?
False
Let c = 2526 + -7230. Let z = 4357 - c. Suppose 0 = -3*q - 5*w + 19357 - 5737, 0 = 2*q - 3*w - z. Is q a composite number?
True
Let t(d) be the first derivative of -555*d**4/2 - d**3/3 - 2*d**2 - 2*d - 15. Is t(-1) prime?
False
Let y = 26814 + -6505. Is y composite?
True
Is (-8 - -5) + (-1257330)/(-45)*3 a prime number?
False
Let s(z) = -z + 0*z**2 + 1 + 6*z**2 + 33. Let t = -4514 - -4507. Is s(t) prime?
False
Suppose 4*l - 4463 = 53*o - 50*o, l - 1118 = 3*o. Is l prime?
False
Is 16230420/126 + ((-16)/(-14) - 1) a prime number?
True
Suppose -2*m + 0*m - n = -4845, -5*m + 2*n + 12135 = 0. Suppose -3*d + 8741 = -m. Is d prime?
False
Is -1*(-989832 - ((-13 - -9 - 1) + 0)) composite?
False
Suppose 8 + 22 = 10*b. Suppose -8*c + 27819 = b*c. Suppose -k - 3*k + c = -o, -651 = -k + 4*o. Is k a composite number?
False
Suppose -u + 5*i = -3538, 2*u + u + i - 10534 = 0. Suppose d = -2*d + u. Suppose 6*w = -97 + d. Is w prime?
True
Let k = -62 + 56. Is (-6 + 4)/(k/8817) a composite number?
False
Suppose 5*b + 192 = 3*n, -2*n + 3*b = 8*b - 103. Suppose n*k + 66689 = 66*k. Is k prime?
False
Let f = -10876 + 15417. Is (80/(-10) - -9)*f a prime number?
False
Suppose 11*b - 5*b - 466734 = 0. Suppose -5*h + b = 4*m, -5*h - 4*m + 15561 = -4*h. Is h a composite number?
True
Let t(x) = 1969*x**2 - 464*x + 22. Is t(-5) a composite number?
True
Suppose 31*j = 22*j + 2353563. Suppose -8*d - 47099 = -j. Is d a composite number?
False
Let b(q) = 18655*q - 447. Is b(8) a prime number?
True
Suppose 4*m - 21*c + 19*c - 73190 = 0, 3*m - 54905 = 4*c. Is m a composite number?
True
Let f(k) = -k + 9. Let s(r) = -2*r + 19. Let n(l) = 9*f(l) - 4*s(l). Let j be n(9). Is (-12)/j - -8*83 prime?
False
Suppose 2620*i = 2623*i - 546243. Is i a composite number?
True
Let v(g) = 52*g - 81. Let r(s) = 104*s - 154. Let b(p) = 4*r(p) - 7*v(p). Let o be 24/2*(-9)/(-6). Is b(o) a composite number?
False
Let v(t) = -1184*t - 23. Let l(k) = -1187*k - 24. Let g(z) = -5*l(z) + 6*v(z). Is g(-1) composite?
False
Suppose 3*w = 3*h + 8*w - 48, -24 = -3*h + 3*w. Suppose -14*r + h*r - d + 18424 = 0, 4*d = -r + 6123. Is r a composite number?
False
Let h(z) = 129 + 90 - 201*z - 204*z + 409*z. Is h(-23) a prime number?
True
Let z(x) = -4*x**3 + 6*x**2 - 34*x - 30. Let s be z(-12). Let m = 47641 - s. Is m a prime number?
False
Suppose 13*p - 16 = 5*p. Suppose -p*s - 5*d = -6, 2*s + 0*s = 3*d - 26. Is (-6 - s)/((9/9381)/3) prime?
False
Suppose -2*x + 13 = -z, -4*z = -0*x + 5*x. Suppose x*l = 5*l - 7. Suppose -445 = 2*j - l*j. Is j a prime number?
True
Is -12 - -2*127470/12 composite?
True
Suppose -q = -y - 3*y - 312, q = -4*y + 352. Suppose m - 7 = q. Is m composite?
True
Let t(x) = 54*x**2 - 5*x + 9. Let p be t(5). Suppose 3*n - p = 136. Suppose 3*o - 27 = -l + 100, 0 = -4*l - 3*o + n. Is l a prime number?
False
Let j(u) = u**2 + 10*u - 380. Is j(29) prime?
True
Let f(q) = 962*q**2 + 85*q - 219. Is f(-13) prime?
False
Let h = 861 - 66. Suppose 5*n = -4*w + 1358, 4*n = -3*w + h + 224. Is w a composite number?
False
Let h(x) = -4*x + 27. Let l be h(7). Let v(a) = a**3 + a**2 - 1. Let u(c) = 4*c**3 + 5*c + 9. Let i(t) = l*u(t) - 4*v(t). Is i(-2) a composite number?
False
Let b = 4965 - 1499. Is b a composite number?
True
Suppose 0 = x - 3*x + 3*d - 884, 3*x - 2*d + 1331 = 0. Is (-1)/(-5) - 423106/x prime?
False
Let h(p) = 12 - 14 + 2 - p. Let j be h(-2). Suppose 10799 = 3*v - 5*g, v - j*g - 4752 + 1151 = 0. Is v prime?
True
Is 134252/14*(-8 - (-92)/8) a prime number?
True
Let v(d) = 120*d + 5. Let m be v(11). Suppose -635 = -4*r + m. Let z = r + -285. Is z prime?
False
Let g(l) = 27*l**3 + 6*l**2 - 7*l - 8. Let c be g(7). Let i = c - -1517. Is i prime?
False
Suppose 0*x - 5*x = -4000. Let u be (14 - 16)*(0 - 0 - 1). Suppose -x = -l + 3*w, 3*w = u*w - 1. Is l a prime number?
True
Suppose 3*j - 14 = j - y, -2*j - 5*y = 2. Is 7272/2 - 10/((-30)/j) composite?
True
Let c(l) be the first derivative of l**2 - 18*l + 14. Let x be c(9). Is (-967)/(2 + -3 + x) prime?
True
Let r = 858334 - 445433. Is r composite?
False
Suppose 3*t + 9 = 0, -3*z = t + 6 - 3. Suppose -3*p + 4401 = -3*c + 6*c, z = -4*p + 3*c + 5896. Is p a prime number?
True
Suppose -3*a = 5*i - 232688, 4*a - i + 4*i - 310258 = 0. Is a a composite number?
True
Suppose -136175 = -6*f + 143287. Is f a prime number?
False
Suppose 4*b - 2030 = 2*q, 5*q = q - b - 4024. Let t = q - -1560. Is t a prime number?
False
Let x(m) = -84*m**3 - 274*m**2 + 7*m + 87. Is x(-22) a prime number?
False
Suppose 3*o - 2119 = -0*o - 2*t, 4 = -t. Suppose -o = -3*z - i, -z + 3*i + 117 = -116. Let d = 385 - z. Is d composite?
False
Let a(k) = 10609*k**3 - 5*k**2 - 3*k + 7. Is a(2) prime?
False
Let c(o) = 7956*o + 4235. Is c(8) composite?
False
Is (-1240)/992 + (-46)/8 + (-13108)/(-2) composite?
False
Let q = 44 - 42. Let v(z) = 110*z - 9. Let o(i) = -109*i + 10. Let p(w) = 4*o(w) + 5*v(w). Is p(q) a prime number?
True
Let q = -152 + 490. Let o = q - -1995. Is o composite?
False
Suppose -4*v + 57 = 5*t, -t - 1 = -2*v + 2*t. Suppose v*z + z = 36. Suppose 2738 = 3*x - 5*s, z*s - 4554 = -5*x + 3*s. Is x a prime number?
True
Let m be (-18 - (-6)/(-6)) + 0. Let k(z) = -2*z**3 - 28*z**2 + 21. Is k(m) a composite number?
False
Suppose 2*r - 1974814 - 707292 = 0. Is r composite?
True
Let n be (0 - 90)*(-1 + (-4)/(-12)). Let y = n + -57. Let j = 121 - y. Is j a prime number?
False
Is (-130521)/(-9) - 170/(-255) a prime number?
True
Suppose -4*u = -11*u. Is 3/(-3 - u) - -1656 a prime number?
False
Suppose -3*s + 3*d - 3 = -d, 4*s - 4*d = 0. Suppose -s*i + 10336 = 3592. Suppose y - 3*c - 752 = 0, -5*c = 5*y - 8*y + i. Is y composite?
True
Suppose -25*z = -30*z - 65. Let o be z/(-5) + (-12)/(-30). Suppose o*p = -3*p + 978. Is p composite?
False
Let j = -76 + 79. Suppose 5*q = -5, j*i + i - 21097 = 5*q. Is i a prime number?
True
Let c(y) be the second derivative of 33*y**4/4 - 11*y**3/6 - 5*y**2/2 + 20*y. Let a = 13 + -17. Is c(a) prime?
False
Let d(y) = -44592*y - 16145. Is d(-31) a prime number?
False
Suppose -2*t + 5*i + 158544 = 0, -53*i - 237841 = -3*t - 58*i. Is t prime?
False
Let q = -43 - -46. Suppose p - q*p = -10. Suppose -p*j + 0*j = -g - 1248, 483 = 2*j + 5*g. Is j a prime number?
False
Let q = -67 - -74. Suppose -q*k + 204 = -k. Suppose -g + 5*m + 43 + k = 0, 0 = -g - 4*m + 95. Is g prime?
False
Let a(z) = -42*z**2 - 8*z + 4. Let x be a(3). Let b = x + 485. Is b a composite number?
True
Let j(w) = -w**3 + 22*w**2 - 22*w + 22. Let y be j(21). Let g be 10/(-5) - (-4 - y). Suppose g*b - 708 = -b. Is b prime?
False
Suppose 3*h - 4 = -h, -m + 2*h = 0. Suppose 17*r - m*n - 2391 = 14*r, -5*r - 5*n = -3985. Is r a prime number?
True
Let u be (0 + (-21)/(-2))*(-18)/(-27). Let r(b) = 326*b - 4. Let h be r(u). Suppose h = -5*d + 7*d. Is d a composite number?
True
Let q = -80306 + 131447. Is q a composite number?
True
Let v(z) = 4*z + 29. Let p be v(-11). Is 4239/9*p/(-9) a composite number?
True
Let q = -1764 + 2962. Let b = -822 + q. Suppose -4*p - b = -4*d + 5876, -4*p - 16 = 0. Is d composite?
False
Suppose 3*l - 83 = -2*m + m, 0 = 3*m + 12. Suppose n = -21 + l. Suppose -419 = -n*r + 7*r. Is r prime?
True
Suppose 3*h - 2*h - 2*f - 3158 = 0, 4*f + 12640 = 4*h. Suppose 145*w - 139*w = h. Is w composite?
True
Suppose 2*s - 5*l - 5613 = 0, 2784 = s - 34*l + 36*l. Let v = 5957 - s. Is v a composite number?
False
Suppose 8*i = 12*i - 5*k - 22, 4*k = -2*i + 24. Let l(a) = 24*a**3 + 5*a**2 - 19*a + 5. Is l(i) a composite number?
True
Let q be 91/((-35)/12 - -3). Let f =